+ 77. Calculate x(-5).
17
Let l(t) = -119*t + 7410. What is l(61)?
151
Let q(m) = -m**3 + 39*m**2 - 171*m + 29. What is q(34)?
-5
Let u(g) = -2*g**3 + 3*g**2 + 19*g + 5. Give u(-4).
105
Let p(o) = -o**3 + 21*o**2 - 102*o + 20. Calculate p(8).
36
Let t(f) = -4*f**3 + 76*f**2 - 139*f + 40. Give t(17).
-11
Let v(p) = -3*p**3 + 34*p**2 + 6*p - 5. Determine v(11).
182
Let p(k) = 11*k**3 + 5*k**2 - 5*k + 4. What is p(1)?
15
Let i(f) = -42*f - 82. Calculate i(-5).
128
Let a(f) = f**3 - 67*f**2 + 68*f + 58. Determine a(66).
190
Let k(n) = -527*n - 8437. What is k(-16)?
-5
Let v(t) = 8*t**3 - 547*t**2 + 211*t - 473. What is v(68)?
3
Let s(y) = -2*y**2 + 59*y - 241. Determine s(30).
-271
Let r(f) = 27*f**2 + 3. What is r(-3)?
246
Let u(y) = y**2 - 275*y + 12596. Give u(58).
10
Let m(j) = -4*j**2 - 180*j - 1582. Determine m(-12).
2
Let d(v) = -777*v + 7763. Give d(10).
-7
Let h(r) = 10*r**3 + 92*r**2 + 37*r + 170. What is h(-9)?
-1
Let l(c) = -69*c + 1576. Determine l(23).
-11
Let b(f) = 2868*f + 43027. Determine b(-15).
7
Let u(b) = -8*b - 178. Determine u(-21).
-10
Let c(u) = -109*u + 441. Determine c(4).
5
Let o(l) = 188*l + 1855. Determine o(-10).
-25
Let q(g) = g**3 - 20*g**2 - 41*g - 17. Give q(22).
49
Let w(t) = -t**3 + 139*t**2 + 874*t - 411. Give w(145).
169
Let q(r) = 118*r - 1293. Calculate q(11).
5
Let m(n) = 7*n**2 - 170*n + 334. What is m(22)?
-18
Let b(a) = -169*a + 391. Determine b(3).
-116
Let r(t) = 2*t**2 + 96*t + 172. Determine r(-46).
-12
Let k(c) = -14*c - 100. Calculate k(0).
-100
Let t(w) = w - 59. What is t(-47)?
-106
Let w(g) = 6*g**2 - 431*g + 430. Give w(1).
5
Let z(c) = -2*c**2 + 32*c - 76. Determine z(10).
44
Let b(s) = -8*s - 25. Calculate b(-3).
-1
Let h(l) = -420*l - 425. Give h(-1).
-5
Let w(b) = -4*b**2 + 2*b + 16. What is w(3)?
-14
Let o(v) = v**2 + 143*v - 10665. What is o(54)?
-27
Let y(g) = g**3 - g**2 + 11*g + 10. What is y(6)?
256
Let w(a) = a**3 - 6*a**2 + 8*a - 30. Determine w(7).
75
Let j(s) = -2*s**2 + 83*s - 413. Calculate j(37).
-80
Let o(k) = 126*k + 4132. Determine o(-33).
-26
Let f(r) = -13*r**2 + 131*r - 21. Calculate f(10).
-11
Let t(y) = -4*y**2 + 173*y + 923. Give t(48).
11
Let b(y) = -y**3 + 24*y + 18. Calculate b(6).
-54
Let f(h) = -h**3 - 40*h**2 + 82*h - 91. What is f(-42)?
-7
Let l(t) = 21*t + 76. Calculate l(-4).
-8
Let k(o) = o**3 - 12*o**2 - 61*o - 30. What is k(16)?
18
Let j(b) = 89*b + 594. Determine j(-7).
-29
Let k(l) = 278*l - 563. Give k(2).
-7
Let r(c) = 196*c - 13126. Determine r(67).
6
Let r(n) = -n**3 - 13*n**2 + 18*n - 69. What is r(3)?
-159
Let y(s) = -3*s**3 - 14*s**2 + 32*s + 37. Give y(-6).
-11
Let l(s) = -32*s - 736. Calculate l(-19).
-128
Let c(x) = -42*x**2 + 159*x + 29. Determine c(4).
-7
Let p(j) = -666*j + 664. What is p(1)?
-2
Let h(u) = -u**3 - 5*u**2 + u. Calculate h(-5).
-5
Let r(u) = -217*u - 647. Determine r(-3).
4
Let h(p) = -p**3 - 15*p**2 - 15*p - 109. Determine h(-13).
-252
Let a(t) = -47*t + 242. What is a(6)?
-40
Let t(c) = 38*c**2 + 8*c - 42. Calculate t(2).
126
Let y(s) = 34*s**2 - 4758*s - 263. Give y(140).
17
Let v(i) = -4*i**2 + 98*i + 402. Calculate v(-4).
-54
Let m(k) = -2*k**2 + 19*k + 44. Calculate m(10).
34
Let x(h) = h**3 - 6*h**2 + 2*h. Calculate x(-3).
-87
Let l(k) = -2*k**2 - 10*k + 3. What is l(-10)?
-97
Let v(s) = -120*s + 5645. Calculate v(47).
5
Let l(i) = 96*i + 1139. Determine l(-12).
-13
Let q(i) = 315*i - 5579. Determine q(18).
91
Let z(t) = 2*t**2 + 37*t + 79. Calculate z(-16).
-1
Let x(r) = r**3 - 35*r**2 + 44*r + 303. What is x(33)?
-423
Let t(q) = q**3 + 21*q**2 + 8*q - 235. Calculate t(-20).
5
Let c(r) = r**3 + 25*r**2 + 23*r + 20. Calculate c(-24).
44
Let a(t) = -57*t**2 + 2112*t - 120. Determine a(37).
-9
Let y(k) = k**2 - 33*k - 1041. What is y(-20)?
19
Let j(l) = -309*l - 3577. Determine j(-12).
131
Let f(g) = 1938*g + 1. What is f(0)?
1
Let p(v) = v**3 - 7*v**2 - 12*v + 91. What is p(5)?
-19
Let g(w) = -w**2 - 68*w + 18. Determine g(-72).
-270
Let f(m) = -2*m**2 - 111*m - 69. What is f(-55)?
-14
Let y(o) = 3*o + 69. Give y(-6).
51
Let c(g) = -2*g**3 + 89*g**2 - 133*g + 36. Calculate c(43).
-136
Let y(r) = r**3 - 22*r**2 + 17*r - 1527. Calculate y(24).
33
Let x(c) = 2*c**2 + 56*c + 383. Give x(-10).
23
Let h(o) = 290*o - 87. Calculate h(-1).
-377
Let s(n) = 8*n**3 + 43*n**2 - 203*n + 6. Determine s(3).
0
Let l(u) = 546*u - 3267. What is l(6)?
9
Let t(p) = -7*p**2 + 13*p - 3. Give t(-2).
-57
Let s(z) = 5*z**2 + 125*z + 65. Calculate s(-10).
-685
Let a(p) = -p**3 + 15*p**2 + 16*p - 81. What is a(15)?
159
Let c(i) = 2*i**2 + 49*i - 32. Determine c(-25).
-7
Let p(g) = g**3 + 15*g**2 - 16*g - 2. Calculate p(-16).
-2
Let z(m) = -68*m + 447. Give z(6).
39
Let n(q) = -q**2 + 7*q + 19. Calculate n(6).
25
Let o(v) = v**2 + 119*v + 467. Give o(-4).
7
Let b(a) = 210*a + 15123. Calculate b(-72).
3
Let u(s) = -13*s**2 + 374*s + 85. Calculate u(29).
-2
Let z(i) = 4*i**2 + 17*i + 25. What is z(-6)?
67
Let s(m) = -6*m**2 + 8*m + 28. Calculate s(9).
-386
Let g(h) = 4*h**3 - 40*h**2 + 58*h + 20. Calculate g(7).
-162
Let f(o) = o**2 - 108*o + 2629. Give f(71).
2
Let n(h) = h**2 + 1243*h - 26542. Calculate n(21).
2
Let p(x) = 41*x + 90. Give p(-1).
49
Let c(q) = -14*q + 5. What is c(-2)?
33
Let b(z) = 2*z**3 + 149*z**2 + 1132*z + 665. Determine b(-66).
5
Let d(r) = -r**2 - 13*r + 32. Calculate d(-17).
-36
Let p(q) = -15*q**2 - 2049*q - 1229. Determine p(-136).
-5
Let p(v) = -3*v**2 + 8*v + 78. Determine p(10).
-142
Let a(i) = -4*i - 16. What is a(28)?
-128
Let i(c) = 134*c - 4350. What is i(34)?
206
Let n(u) = 7*u**2 + 7*u - 506. What is n(-9)?
-2
Let f(n) = 2*n**2 - 25*n - 3. What is f(10)?
-53
Let r(h) = 171*h - 4131. Give r(23).
-198
Let j(v) = 38*v**2 + 552*v + 1878. Determine j(-9).
-12
Let j(l) = -3*l**3 - 116*l**2 - 85*l - 99. What is j(-38)?
243
Let p(d) = -d**2 - 61*d + 119. Give p(2).
-7
Let s(q) = 1151*q**2 + 14964*q + 7. Determine s(-13).
-6
Let m(l) = 12*l + 3049. Determine m(-251).
37
Let p(z) = -2*z**2 - 244*z - 11. Determine p(0).
-11
Let b(w) = -4*w**3 + 225*w**2 - 274*w - 54. What is b(55)?
1
Let n(g) = g**2 + 3*g - 106. Calculate n(-10).
-36
Let r(y) = 8*y**2 + 267*y - 567. What is r(2)?
-1
Let h(z) = -360*z - 3613. Calculate h(-9).
-373
Let x(b) = 238*b - 10633. Give x(44).
-161
Let q(n) = -n**3 - 13*n**2 + 5*n - 125. Determine q(-14).
1
Let l(z) = 314*z + 2660. Calculate l(-9).
-166
Let q(p) = -14*p + 47. Give q(8).
-65
Let w(s) = s**2 - 271*s + 3844. Determine w(15).
4
Let i(o) = o**2 - 70*o + 1232. Determine i(35).
7
Let u(l) = l**3 + 18*l**2 + 53*l - 4. Determine u(-4).
8
Let j(n) = n**2 - 437*n + 47254. Determine j(196).
18
Let u(n) = -44*n + 53. Calculate u(2).
-35
Let w(k) = -7*k - 318. Determine w(-42).
-24
Let l(c) = -5*c**2 - 131*c - 257. Determine l(-24).
7
Let k(h) = -36*h - 5899. Determine k(-164).
5
Let r(h) = 2*h**3 + 10*h**2 - 6*h - 5. Calculate r(-7).
-159
Let t(l) = l**3 + 35*l**2 + 35*l + 5. Calculate t(-34).
-29
Let t(r) = r**2 + 494*r - 17967. Calculate t(34).
-15
Let o(p) = -2369*p + 40272. What is o(17)?
-1
Let q(h) = -2*h**2 - 162*h - 929. Calculate q(-79).
-613
Let t(b) = -67*b + 223. What is t(5)?
-112
Let u(h) = -55*h + 4128. Calculate u(75).
3
Let j(i) = -10*i + 518. Calculate j(50).
18
Let p(v) = -v**2 - 32*v + 642. Determine p(-48).
-126
Let w(l) = -73*l**2 + 9*l + 1. Give w(-2).
-309
Let u(r) = -6*r**2 + 10*r + 2. Determine u(-4).
-134
Let r(z) = -z**2 + 6*z + 10. Determine r(9).
-17
Let d(w) = 22*w + 377. Calculate d(-15).
47
Let u(m) = -m**3 + 23*m**2 + 498*m - 11462. Give u(22).
-22
Let s(b) = 43*b + 1769. Give s(-41).
6
Let p(f) = -f**3 - 13*f**2 + 64*f + 916. Determine p(-12).
4
Let f(y) = -19*y**3 + 257*y**2 + 126*y - 7. Give f(14).
-7
Let k(w) = w**3 + 2*w**2 - 33*w - 12. Give k(5).
-2
Let k(s) = -3*s**2 + 17*s - 53. Give k(-4).
-169
Let s(j) = -49*j - 2836. What is s(-58)?
6
Let b(d) = d**3 - 9*d**2 - 30*d + 15. Calculate b(13).
301
Let k(c) = 3*c**3 - 60*c**2 - 210*c + 5063. Determine k(19).
-10
Let c(z) = 229*z**2 - 4584*z + 20. What is c(20)?
-60
Let x(i) = -3*i**2 - 7*i + 94. What is x(5)?
-16
Let a(p) = -145*p - 510. Determine a(-4).
70
Let j(w) = 2*w**3 - 110*w**2 - 14*w + 819. What is j(55)?
49
Let g(w) = 2*w + 41. Calculate g(26).
93
Let i(a) = -a**3 + 12*a**2 + 99*a - 230. What i